 a composite number?
False
Is 58937 a composite number?
False
Is 40873 prime?
False
Is 317 a composite number?
False
Is 90217 prime?
True
Is 63809 prime?
True
Is 1033195 a prime number?
False
Is 23719 prime?
True
Is 891701 a composite number?
True
Is 5923 a composite number?
False
Is 334043 a composite number?
False
Is 38513 prime?
False
Is 265703 a composite number?
False
Is 602029 a composite number?
False
Is 110527 a composite number?
False
Is 32603 a composite number?
False
Is 15991 a prime number?
True
Is 8713 a composite number?
False
Is 116201 a composite number?
False
Is 3365 a composite number?
True
Is 4559 a composite number?
True
Is 16127 a composite number?
False
Is 12091 composite?
True
Is 140969 composite?
True
Is 72363 a composite number?
True
Is 1400327 a prime number?
True
Is 341911 a prime number?
True
Is 910981 a composite number?
False
Is 1439 a composite number?
False
Is 13589 prime?
False
Is 96218 a prime number?
False
Is 535261 a prime number?
False
Is 1265729 a composite number?
False
Is 12683 composite?
True
Is 2188855 a prime number?
False
Is 8501 composite?
False
Is 43753 prime?
True
Is 155609 composite?
False
Is 31235 prime?
False
Is 1845253 a prime number?
False
Is 97207 a prime number?
False
Is 705779 composite?
False
Is 548263 a composite number?
False
Is 49835 composite?
True
Is 18229 a prime number?
True
Is 11369 composite?
False
Is 143791 prime?
True
Is 155429 a prime number?
False
Is 4142791 a composite number?
False
Is 21134 a composite number?
True
Is 168811 prime?
False
Is 35339 prime?
True
Is 5581 composite?
False
Is 42383 a prime number?
False
Is 564827 a composite number?
False
Is 222071 composite?
True
Is 70373 a prime number?
True
Is 62047 prime?
True
Is 5297 a composite number?
False
Is 720877 prime?
True
Is 185017 a composite number?
True
Is 196331 composite?
False
Is 17023 a prime number?
False
Is 12799 composite?
False
Is 103387 prime?
True
Is 176123 prime?
True
Is 142589 a composite number?
False
Is 3793 prime?
True
Is 71457 a composite number?
True
Is 65749 a prime number?
False
Is 415931 composite?
False
Is 167639 a composite number?
True
Is 7937 composite?
False
Is 9987 a prime number?
False
Is 397 a composite number?
False
Is 6623 a composite number?
True
Is 539117 prime?
False
Is 17533 prime?
False
Is 75133 a composite number?
False
Is 13551 composite?
True
Is 1459 a composite number?
False
Is 176777 a composite number?
False
Is 36443 a prime number?
False
Is 184397 a composite number?
True
Is 76579 a composite number?
False
Is 218129 a composite number?
True
Is 50411 a prime number?
True
Is 7789 composite?
False
Is 419 a composite number?
False
Is 12227 a prime number?
True
Is 14941 a prime number?
False
Is 2162659 prime?
True
Is 11089 a composite number?
True
Is 89153 a prime number?
True
Is 671299 a prime number?
True
Is 93047 composite?
False
Is 539447 composite?
False
Is 6489977 a prime number?
False
Is 2349637 prime?
True
Is 50117 a composite number?
True
Is 868243 composite?
True
Is 211703 a composite number?
True
Is 162209 a prime number?
True
Is 6067 prime?
True
Is 680723 a prime number?
False
Is 771 a prime number?
False
Is 1513 a composite number?
True
Is 78779 a prime number?
True
Is 25163 prime?
True
Is 1044971 a composite number?
False
Is 36763 prime?
False
Is 69097 composite?
True
Is 3989 composite?
False
Is 31282 a prime number?
False
Is 56381 a prime number?
False
Is 6753 a composite number?
True
Is 42221 a prime number?
True
Is 12097 composite?
False
Is 3158215 prime?
False
Is 12841 a prime number?
True
Is 16301 a prime number?
True
Is 196709 a prime number?
True
Is 43819 prime?
False
Is 1069 a prime number?
True
Is 2333839 a prime number?
True
Is 470083 a composite number?
False
Is 466853 composite?
False
Is 870845 a prime number?
False
Is 36137 composite?
False
Is 2279 prime?
False
Is 34819 prime?
True
Is 2459 prime?
True
Is 11383 a prime number?
True
Is 28839 a prime number?
False
Is 600401 prime?
True
Is 52651 a prime number?
False
Is 1948021 a prime number?
True
Is 14683 composite?
False
Is 23717 prime?
False
Is 1566707 prime?
False
Is 12335 composite?
True
Is 774083 prime?
True
Is 52361 a composite number?
False
Is 265 a prime number?
False
Is 174847 prime?
False
Is 779477 prime?
True
Is 10979 a prime number?
True
Is 19267 a composite number?
False
Is 30367 a prime number?
True
Is 40111 a prime number?
True
Is 11003 a prime number?
True
Is 54907 a composite number?
False
Is 96797 a composite number?
False
Is 2145521 composite?
True
Is 3793 composite?
False
Is 692957 composite?
False
Is 2843 prime?
True
Is 4379 composite?
True
Is 78137 prime?
True
Is 16271 a prime number?
False
Is 25621 prime?
True
Is 195535 a prime number?
False
Is 123479 composite?
False
Is 498833 prime?
True
Is 59807 composite?
True
Is 1501 a prime number?
False
Is 5147 prime?
True
Is 44561 composite?
True
Is 13501 a prime number?
False
Is 3809051 composite?
False
Is 10937 composite?
False
Is 1263299 a composite number?
False
Is 631 composite?
False
Is 34793 a prime number?
False
Is 43391 prime?
True
Is 135483 a composite number?
True
Is 1522681 prime?
True
Is 72133 composite?
True
Is 18539 composite?
False
Is 57023 prime?
False
Is 737 prime?
False
Is 2126517 a prime number?
False
Is 2999 composite?
False
Is 9103 composite?
False
Is 30619 composite?
True
Is 19009 a composite number?
False
Is 1573057 composite?
False
Is 581387 a composite number?
True
Is 2281 prime?
True
Is 7717 composite?
False
Is 130145 a composite number?
True
Is 887 composite?
False
Is 146131 prime?
False
Is 82457 a composite number?
False
Is 25001 a composite number?
True
Is 36623 composite?
True
Is 111 composite?
True
Is 111949 a composite number?
False
Is 51329 a prime number?
True
Is 210077 a prime number?
False
Is 2707 a composite number?
False
Is 72833 a prime number?
False
Is 391747 a prime number?
False
Is 6823 prime?
True
Is 1243 prime?
False
Is 357953 a composite number?
True
Is 67651 prime?
True
Is 1426277 a prime number?
True
Is 28321 composite?
True
Is 29071 a composite number?
True
Is 376997 a composite number?
True
Is 26489 a composite number?
False
Is 5287 composite?
True
Is 50023 a composite number?
False
Is 287311 composite?
True
Is 28001 a composite number?
False
Is 1400767 a composite number?
True
Is 133553 a prime number?
False
Is 262981 a composite number?
False
Is 14431 a prime number?
True
Is 134909 prime?
True
Is 20759 a prime number?
True
Is 45367 prime?
False
Is 66029 prime?
True
Is 140977 composite?
False
Is 13291 composite?
False
Is 134959 prime?
False
Is 6377 composite?
True
Is 53743 a composite number?
True
Is 52597 prime?
False
Is 6281 a prime number?
False
Is 9671 a composite number?
True
Is 4765 a composite number?
True
Is 78095 prime?
False
Is 6619 composite?
False
Is 579277 prime?
True
Is 29613 prime?
False
Is 358421 composite?
True
Is 827759 prime?
False
Is 58873 a composite number?
True
Is 1741 composite?
False
Is 58267 a prime number?
False
Is 59249 a composite number?
True
Is 187849 a prime number?
False
Is 386279 a prime number?
True
Is 18323 prime?
False
Is 13543 composite?
True
Is 201623 a composite number?
False
Is 3287663 composite?
True
Is 22769 composite?
False
Is 21479 a composite number?
True
Is 14693 composite?
True
Is 4309 a composite number?
True
Is 11597 a composite number?
False
Is 39673 composite?
True
Is 1096115 composite?
True
Is 98941 prime?
False
Is 99065 prime?
False
Is 106349 a composite number?
False
Is 14179 composite?
True
Is 48797 composite?
True
Is 45427 composite?
False
Is 27519 a prime number?
False
Is 393619 composite?
True
Is 1267043 a composite number?
False
Is 138257 a prime number?
False
Is 1049 a composite number?
False
Is 667579 composite?
True
Is 1259 a composite number?
False
Is 113777 prime?
True
Is 2269 prime?
True
Is 450343 prime?
True
Is 6119 prime?
False
Is 4377 a composite number?
True
Is 20245 a prime number?
False
Is 10243 composite?
False
Is 16871 composite?
False
Is 1943 composite?
True
Is 71837 prime?
True
Is 114131 prime?
False
Is 94427 prime?
True
Is 9571 a prime number?
False
Is 10977 prime?
False
Is 4673 prime?
True
Is 14263 prime?
False
Is 13253 a composite number?
True
Is 5989 a prime number?
False
Is 12323 a prime number?
True
Is 5